{"id":1254,"date":"2023-01-16T11:31:06","date_gmt":"2023-01-16T10:31:06","guid":{"rendered":"https:\/\/wr.ans.pw.edu.pl\/?page_id=1254"},"modified":"2024-09-22T20:19:18","modified_gmt":"2024-09-22T18:19:18","slug":"7-10-polityka-ludnosciowa","status":"publish","type":"page","link":"https:\/\/wr.ans.pw.edu.pl\/?page_id=1254","title":{"rendered":"7.10. Polityka ludno\u015bciowa"},"content":{"rendered":"\n<ul>\n<li><strong>Plany likwidacji ludzko\u015bci w celu dobra planety. Wywiad C. Buckley z Lesem Knightem, za\u0142o\u017cycielem <em>Voluntary Human Extinction Movemen<\/em>t (<strong><a href=\"https:\/\/www.vhemt.org\/\">VHEMT<\/a><\/strong><\/strong>)<strong>: <\/strong>&#8222;For the sake of the planet, Les Knight, the founder of the Voluntary Human Extinction movement, has spent decades pushing one message: \u201cMay we live long and die out.\u201d&#8221; New York Times, Nov. 23, 2022, Updated June 20, 2023, <a href=\"https:\/\/www.nytimes.com\/2022\/11\/23\/climate\/voluntary-human-extinction.html\">https:\/\/www.nytimes.com\/2022\/11\/23\/climate\/voluntary-human-extinction.html<\/a>. <strong>Komentarz Elona Muska<\/strong>: Wywiad J. Rogana z Muskiem, 31 October, 2023, <a href=\"https:\/\/open.spotify.com\/episode\/7edwvm2c6Ieuzun4xtFYCJ?si=0d2460f0e4ae45e7&amp;nd=1\">https:\/\/open.spotify.com\/episode\/7edwvm2c6Ieuzun4xtFYCJ?si=0d2460f0e4ae45e7&amp;nd=1<\/a><\/li>\n\n\n\n<li>1\/3 populacji Japonii ma ponad 65 lat (<a href=\"https:\/\/forsal.pl\/gospodarka\/demografia\/artykuly\/9612888,w-tym-kraju-prawie-13-populacji-ma-ponad-65-lat-nie-ma-kto-pracowac.html\">https:\/\/forsal.pl\/gospodarka\/demografia\/artykuly\/9612888,w-tym-kraju-prawie-13-populacji-ma-ponad-65-lat-nie-ma-kto-pracowac.html<\/a><\/li>\n<\/ul>\n","protected":false},"excerpt":{"rendered":"","protected":false},"author":1,"featured_media":0,"parent":0,"menu_order":0,"comment_status":"closed","ping_status":"closed","template":"","meta":[],"_links":{"self":[{"href":"https:\/\/wr.ans.pw.edu.pl\/index.php?rest_route=\/wp\/v2\/pages\/1254"}],"collection":[{"href":"https:\/\/wr.ans.pw.edu.pl\/index.php?rest_route=\/wp\/v2\/pages"}],"about":[{"href":"https:\/\/wr.ans.pw.edu.pl\/index.php?rest_route=\/wp\/v2\/types\/page"}],"author":[{"embeddable":true,"href":"https:\/\/wr.ans.pw.edu.pl\/index.php?rest_route=\/wp\/v2\/users\/1"}],"replies":[{"embeddable":true,"href":"https:\/\/wr.ans.pw.edu.pl\/index.php?rest_route=%2Fwp%2Fv2%2Fcomments&post=1254"}],"version-history":[{"count":7,"href":"https:\/\/wr.ans.pw.edu.pl\/index.php?rest_route=\/wp\/v2\/pages\/1254\/revisions"}],"predecessor-version":[{"id":2894,"href":"https:\/\/wr.ans.pw.edu.pl\/index.php?rest_route=\/wp\/v2\/pages\/1254\/revisions\/2894"}],"wp:attachment":[{"href":"https:\/\/wr.ans.pw.edu.pl\/index.php?rest_route=%2Fwp%2Fv2%2Fmedia&parent=1254"}],"curies":[{"name":"wp","href":"https:\/\/api.w.org\/{rel}","templated":true}]}}