{"id":1244,"date":"2023-01-16T11:28:16","date_gmt":"2023-01-16T10:28:16","guid":{"rendered":"https:\/\/wr.ans.pw.edu.pl\/?page_id=1244"},"modified":"2023-10-20T09:30:50","modified_gmt":"2023-10-20T07:30:50","slug":"7-5-zdrowie-publiczne","status":"publish","type":"page","link":"https:\/\/wr.ans.pw.edu.pl\/?page_id=1244","title":{"rendered":"7.5. Zdrowie publiczne"},"content":{"rendered":"\n<ul>\n<li>Konstytucja WHO &#8211; Basic Documents, Forty-ninth edition, <a rel=\"noreferrer noopener\" href=\"https:\/\/apps.who.int\/gb\/bd\/\" target=\"_blank\">https:\/\/apps.who.int\/gb\/bd\/<\/a>.<\/li>\n\n\n\n<li>International Health Regulations (2005). Third edition, (Mi\u0119dzynarodowe przepisy dotycz\u0105ce zdrowia), <a href=\"https:\/\/www.who.int\/health-topics\/international-health-regulations#tab=tab_1\">https:\/\/www.who.int\/health-topics\/international-health-regulations#tab=tab_1<\/a><\/li>\n\n\n\n<li>Mi\u0119dzynarodowy traktat w sprawie profilaktyki i gotowo\u015bci pandemicznej,&nbsp;<a href=\"https:\/\/www.consilium.europa.eu\/pl\/policies\/coronavirus\/pandemic-treaty\/.\">https:\/\/www.consilium.europa.eu\/pl\/policies\/coronavirus\/pandemic-treaty\/.<\/a><\/li>\n\n\n\n<li>Decyzja Rady (UE) 2022\/451 z dnia 3 marca 2022 r. w sprawie upowa\u017cnienia do podj\u0119cia negocjacji w imieniu Unii Europejskiej dotycz\u0105cych umowy mi\u0119dzynarodowej w sprawie zapobiegania pandemiom, gotowo\u015bci i reagowania na nie oraz uzupe\u0142niaj\u0105cych zmian Mi\u0119dzynarodowych przepis\u00f3w zdrowotnych (2005), Dz. U.UE z 21.3.2022, L 92\/1.<\/li>\n\n\n\n<li><strong>Traktat antypandemiczny<\/strong>, <a href=\"https:\/\/ordoiuris.pl\/wolnosci-obywatelskie\/miedzynarodowy-traktat-antypandemiczny-moze-naruszac-kompetencje-suwerennych.\">https:\/\/ordoiuris.pl\/wolnosci-obywatelskie\/miedzynarodowy-traktat-antypandemiczny-moze-naruszac-kompetencje-suwerennych.<\/a><\/li>\n\n\n\n<li><strong>Dokument antypandemiczny WHO<\/strong>, <a rel=\"noreferrer noopener\" href=\"https:\/\/ordoiuris.pl\/wolnosci-obywatelskie\/czy-powstajacy-dokument-antypandemiczny-who-bedzie-wiazacy-dla-polski-analiza\" target=\"_blank\">https:\/\/ordoiuris.pl\/wolnosci-obywatelskie\/czy-powstajacy-dokument-antypandemiczny-who-bedzie-wiazacy-dla-polski-analiza<\/a>.<\/li>\n\n\n\n<li><strong>Wyk\u0142ad&nbsp;doktora Mariusza B\u0142ochowiaka&nbsp;pt. \u201eFa\u0142szywa pandemia koronawirusa\u201d<\/strong>:&nbsp;<a rel=\"noreferrer noopener\" href=\"https:\/\/ordomedicus.org\/wyklad-dr-mariusza-blochowiaka-pt-falszywa-pandemia-koronawirusa\/\" target=\"_blank\">https:\/\/ordomedicus.org\/wyklad-dr-mariusza-blochowiaka-pt-falszywa-pandemia-koronawirusa\/<\/a>&nbsp;.&nbsp;Dr&nbsp;Mariusz B\u0142ochowiak&nbsp;jest wsp\u00f3\u0142tw\u00f3rc\u0105 pi\u0119ciu&nbsp;tom\u00f3w ksi\u0105\u017cki \u201eFa\u0142szywa pandemia. Krytyka naukowc\u00f3w i lekarzy\u201d.<\/li>\n\n\n\n<li><strong>ICD-11, najnowsza klasyfikacja chor\u00f3b (WHO), mi\u0119dzy innymi ideologizuj\u0105ca (medykalizuj\u0105ca) odmienno\u015b\u0107 kobiety i m\u0119\u017cczyzny w kierunku tak\u017ce manipulacji w\u0142asn\u0105 p\u0142ciowo\u015bci\u0105 przez osoby nieletnie, czy &#8222;rozmycia&#8221; problemu pedofilii.<\/strong> Tekst: https:\/\/www.who.int\/standards\/classifications\/classification-of-diseases. Por. opis medialny: <a href=\"https:\/\/dorzeczy.pl\/zdrowie\/478839\/icd-11-grozne-zmiany-w-nowej-klasyfikacji-medycznej.html\">https:\/\/dorzeczy.pl\/zdrowie\/478839\/icd-11-grozne-zmiany-w-nowej-klasyfikacji-medycznej.html<\/a>; por. &#8222;ZAPYTAJ POS\u0141A O ICD-11!&#8221; Wyst\u0105p przeciw absurdom i ideologii; wywiad J. Pospieszalskiego z Agnieszk\u0105 Marianowicz-Szczygie\u0142: https:\/\/www.youtube.com\/watch?v=Cu5fEUhR7yA<\/li>\n\n\n\n<li><strong>Rozmowa 3 X 2023 w Radio SuperNova wirusologa prof. W\u0142odzimierza Guta oraz dr Jerzego Milewskiego  na temat Raportu NIK: Realizacja Narodowego Programu Szczepie\u0144 przeciw COVID-19 przez Ministra Zdrowia<\/strong> (<a href=\"https:\/\/www.nik.gov.pl\/kontrole\/I\/22\/008\/KZD\/\">https:\/\/www.nik.gov.pl\/kontrole\/I\/22\/008\/KZD\/<\/a>), <a savefrom_lm_index=\"0\" savefrom_lm=\"1\" href=\"https:\/\/www.youtube.com\/watch?v=ZwcvDdt-u8s&amp;t=26s\">https:\/\/www.youtube.com\/watch?v=ZwcvDdt-u8s&amp;t=26s<\/a><span style=\"padding: 0; margin: 0; margin-left: 5px;\"><\/span><\/li>\n\n\n\n<li><strong>Raport NIK,\u00a0 Informacja o wynikach kontroli: <em>Realizacja polece\u0144 Ministra Zdrowia w sprawie dodatkowych \u015bwiadcze\u0144 pieni\u0119\u017cnych przyznawanych w zwi\u0105zku z przeciwdzia\u0142aniem i zwalczaniem COVID-19<\/em><\/strong>, LSZ.430.3.2023 z 2023 roku, <a href=\"https:\/\/www.nik.gov.pl\/kontrole\/D\/21\/507\/\">https:\/\/www.nik.gov.pl\/kontrole\/D\/21\/507\/<\/a>. <\/li>\n<\/ul>\n","protected":false},"excerpt":{"rendered":"","protected":false},"author":1,"featured_media":0,"parent":0,"menu_order":0,"comment_status":"closed","ping_status":"closed","template":"","meta":[],"_links":{"self":[{"href":"https:\/\/wr.ans.pw.edu.pl\/index.php?rest_route=\/wp\/v2\/pages\/1244"}],"collection":[{"href":"https:\/\/wr.ans.pw.edu.pl\/index.php?rest_route=\/wp\/v2\/pages"}],"about":[{"href":"https:\/\/wr.ans.pw.edu.pl\/index.php?rest_route=\/wp\/v2\/types\/page"}],"author":[{"embeddable":true,"href":"https:\/\/wr.ans.pw.edu.pl\/index.php?rest_route=\/wp\/v2\/users\/1"}],"replies":[{"embeddable":true,"href":"https:\/\/wr.ans.pw.edu.pl\/index.php?rest_route=%2Fwp%2Fv2%2Fcomments&post=1244"}],"version-history":[{"count":23,"href":"https:\/\/wr.ans.pw.edu.pl\/index.php?rest_route=\/wp\/v2\/pages\/1244\/revisions"}],"predecessor-version":[{"id":2013,"href":"https:\/\/wr.ans.pw.edu.pl\/index.php?rest_route=\/wp\/v2\/pages\/1244\/revisions\/2013"}],"wp:attachment":[{"href":"https:\/\/wr.ans.pw.edu.pl\/index.php?rest_route=%2Fwp%2Fv2%2Fmedia&parent=1244"}],"curies":[{"name":"wp","href":"https:\/\/api.w.org\/{rel}","templated":true}]}}

<ul>
<li>Konstytucja WHO &#8211; Basic Documents, Forty-ninth edition, <a rel="noreferrer noopener" href="https://apps.who.int/gb/bd/" target="_blank">https://apps.who.int/gb/bd/</a>.</li>



<li>International Health Regulations (2005). Third edition, (Międzynarodowe przepisy dotyczące zdrowia), <a href="https://www.who.int/health-topics/international-health-regulations#tab=tab_1">https://www.who.int/health-topics/international-health-regulations#tab=tab_1</a></li>



<li>Międzynarodowy traktat w sprawie profilaktyki i gotowości pandemicznej,&nbsp;<a href="https://www.consilium.europa.eu/pl/policies/coronavirus/pandemic-treaty/.">https://www.consilium.europa.eu/pl/policies/coronavirus/pandemic-treaty/.</a></li>



<li>Decyzja Rady (UE) 2022/451 z dnia 3 marca 2022 r. w sprawie upoważnienia do podjęcia negocjacji w imieniu Unii Europejskiej dotyczących umowy międzynarodowej w sprawie zapobiegania pandemiom, gotowości i reagowania na nie oraz uzupełniających zmian Międzynarodowych przepisów zdrowotnych (2005), Dz. U.UE z 21.3.2022, L 92/1.</li>



<li><strong>Traktat antypandemiczny</strong>, <a href="https://ordoiuris.pl/wolnosci-obywatelskie/miedzynarodowy-traktat-antypandemiczny-moze-naruszac-kompetencje-suwerennych.">https://ordoiuris.pl/wolnosci-obywatelskie/miedzynarodowy-traktat-antypandemiczny-moze-naruszac-kompetencje-suwerennych.</a></li>



<li><strong>Dokument antypandemiczny WHO</strong>, <a rel="noreferrer noopener" href="https://ordoiuris.pl/wolnosci-obywatelskie/czy-powstajacy-dokument-antypandemiczny-who-bedzie-wiazacy-dla-polski-analiza" target="_blank">https://ordoiuris.pl/wolnosci-obywatelskie/czy-powstajacy-dokument-antypandemiczny-who-bedzie-wiazacy-dla-polski-analiza</a>.</li>



<li><strong>Wykład&nbsp;doktora Mariusza Błochowiaka&nbsp;pt. „Fałszywa pandemia koronawirusa”</strong>:&nbsp;<a rel="noreferrer noopener" href="https://ordomedicus.org/wyklad-dr-mariusza-blochowiaka-pt-falszywa-pandemia-koronawirusa/" target="_blank">https://ordomedicus.org/wyklad-dr-mariusza-blochowiaka-pt-falszywa-pandemia-koronawirusa/</a>&nbsp;.&nbsp;Dr&nbsp;Mariusz Błochowiak&nbsp;jest współtwórcą pięciu&nbsp;tomów książki „Fałszywa pandemia. Krytyka naukowców i lekarzy”.</li>



<li><strong>ICD-11, najnowsza klasyfikacja chorób (WHO), między innymi ideologizująca (medykalizująca) odmienność kobiety i mężczyzny w kierunku także manipulacji własną płciowością przez osoby nieletnie, czy &#8222;rozmycia&#8221; problemu pedofilii.</strong> Tekst: https://www.who.int/standards/classifications/classification-of-diseases. Por. opis medialny: <a href="https://dorzeczy.pl/zdrowie/478839/icd-11-grozne-zmiany-w-nowej-klasyfikacji-medycznej.html">https://dorzeczy.pl/zdrowie/478839/icd-11-grozne-zmiany-w-nowej-klasyfikacji-medycznej.html</a>; por. &#8222;ZAPYTAJ POSŁA O ICD-11!&#8221; Wystąp przeciw absurdom i ideologii; wywiad J. Pospieszalskiego z Agnieszką Marianowicz-Szczygieł: https://www.youtube.com/watch?v=Cu5fEUhR7yA</li>



<li><strong>Rozmowa 3 X 2023 w Radio SuperNova wirusologa prof. Włodzimierza Guta oraz dr Jerzego Milewskiego  na temat Raportu NIK: Realizacja Narodowego Programu Szczepień przeciw COVID-19 przez Ministra Zdrowia</strong> (<a href="https://www.nik.gov.pl/kontrole/I/22/008/KZD/">https://www.nik.gov.pl/kontrole/I/22/008/KZD/</a>), <a savefrom_lm_index="0" savefrom_lm="1" href="https://www.youtube.com/watch?v=ZwcvDdt-u8s&amp;t=26s">https://www.youtube.com/watch?v=ZwcvDdt-u8s&amp;t=26s</a><span style="padding: 0; margin: 0; margin-left: 5px;"></span></li>



<li><strong>Raport NIK,  Informacja o wynikach kontroli: <em>Realizacja poleceń Ministra Zdrowia w sprawie dodatkowych świadczeń pieniężnych przyznawanych w związku z przeciwdziałaniem i zwalczaniem COVID-19</em></strong>, LSZ.430.3.2023 z 2023 roku, <a href="https://www.nik.gov.pl/kontrole/D/21/507/">https://www.nik.gov.pl/kontrole/D/21/507/</a>. </li>
</ul>
