{"id":1203,"date":"2023-01-16T10:31:38","date_gmt":"2023-01-16T09:31:38","guid":{"rendered":"https:\/\/wr.ans.pw.edu.pl\/?page_id=1203"},"modified":"2024-04-18T13:53:21","modified_gmt":"2024-04-18T11:53:21","slug":"4-2-tom-ii","status":"publish","type":"page","link":"https:\/\/wr.ans.pw.edu.pl\/?page_id=1203","title":{"rendered":"4.2. Tom II"},"content":{"rendered":"\n<h2><strong>Symptomy Wielkiego Resetu<br>i sk\u0142adniki strukturalne<br>cywilizacji informacyjne<\/strong>j<\/h2>\n\n\n\n<p><strong><a href=\"https:\/\/wr.ans.pw.edu.pl\/?page_id=2465\" data-type=\"page\" data-id=\"2465\">DO ADRESAT\u00d3W<\/a><\/strong> <br><strong><a href=\"https:\/\/wr.ans.pw.edu.pl\/?page_id=2462\" data-type=\"page\" data-id=\"2462\">WST\u0118P <\/a><\/strong><\/p>\n\n\n\n<p><strong>1. <a href=\"https:\/\/wr.ans.pw.edu.pl\/?page_id=2355\" data-type=\"page\" data-id=\"2355\">S<\/a><\/strong><a href=\"https:\/\/wr.ans.pw.edu.pl\/?page_id=2355\" data-type=\"page\" data-id=\"2355\"><strong>YMPTOMY WIELKIEGO RESETU<\/strong><\/a> <br><a href=\"https:\/\/wr.ans.pw.edu.pl\/?page_id=2360\" data-type=\"page\" data-id=\"2360\">1.1. Zagadnienia wst\u0119pne<\/a> <br><a href=\"https:\/\/wr.ans.pw.edu.pl\/?page_id=2364\" data-type=\"page\" data-id=\"2364\">1.2. Nodalizacja \u2013 pod\u0142\u0105czenie do sieci <\/a><br><a href=\"https:\/\/wr.ans.pw.edu.pl\/?page_id=2367\" data-type=\"page\" data-id=\"2367\">1.3. Nomadyzacja \u2013 wymuszenie mobilno\u015bci <\/a><br><a href=\"https:\/\/wr.ans.pw.edu.pl\/?page_id=2370\" data-type=\"page\" data-id=\"2370\">1.4. Metropolizacja \u2013 skupienie w o\u015brodkach<\/a> <br><a href=\"https:\/\/wr.ans.pw.edu.pl\/?page_id=2373\" data-type=\"page\" data-id=\"2373\">1.5. Marketyzacja \u2013 pakietowanie us\u0142ug<\/a> <br><a href=\"https:\/\/wr.ans.pw.edu.pl\/?page_id=2377\" data-type=\"page\" data-id=\"2377\">1.6. Komercjalizacja \u2013 wycena wszystkiego<\/a> <br><a href=\"https:\/\/wr.ans.pw.edu.pl\/?page_id=2380\" data-type=\"page\" data-id=\"2380\">1.7. Menad\u017ceryzacja \u2013 zarz\u0105dzanie wszelkimi zasobami<\/a> <br><a href=\"https:\/\/wr.ans.pw.edu.pl\/?page_id=2383\" data-type=\"page\" data-id=\"2383\">1.8. Infantylizacja \u2013 powszechna nieodpowiedzialno\u015b\u0107<\/a> <\/p>\n\n\n\n<p><strong>2. <a href=\"https:\/\/wr.ans.pw.edu.pl\/?page_id=2408\" data-type=\"page\" data-id=\"2408\">SK\u0141ADNIKI STRUKTURALNE CYWILIZACJI INFORMACYJNEJ<\/a><\/strong> <br><a href=\"https:\/\/wr.ans.pw.edu.pl\/?page_id=2390\" data-type=\"page\" data-id=\"2390\">2.1. Zagadnienia wst\u0119pne<\/a> <br><a href=\"https:\/\/wr.ans.pw.edu.pl\/?page_id=2393\" data-type=\"page\" data-id=\"2393\">2.2. Osoba \u2013 \u017cycie w relacji do innych<\/a> <br><a href=\"https:\/\/wr.ans.pw.edu.pl\/?page_id=2260\" data-type=\"page\" data-id=\"2260\">2.3. Rodzina \u2013 pierwowz\u00f3r spo\u0142ecze\u0144stwa<\/a> <br><a href=\"https:\/\/wr.ans.pw.edu.pl\/?page_id=2396\" data-type=\"page\" data-id=\"2396\">2.4. Nar\u00f3d \u2013 wsp\u00f3lnota krwi i los\u00f3w<\/a> <br><a href=\"https:\/\/wr.ans.pw.edu.pl\/?page_id=2399\" data-type=\"page\" data-id=\"2399\">2.5. Spo\u0142ecze\u0144stwo \u2013 ca\u0142okszta\u0142t relacji mi\u0119dzyludzkich<\/a> <br><a href=\"https:\/\/wr.ans.pw.edu.pl\/?page_id=2402\" data-type=\"page\" data-id=\"2402\">2.6. Ko\u015bci\u00f3\u0142 \u2013 wsp\u00f3lnota wiernych<\/a> <br><a href=\"https:\/\/wr.ans.pw.edu.pl\/?page_id=2405\" data-type=\"page\" data-id=\"2405\">2.7. Konspiracja \u2013 tajne zwi\u0105zki<\/a> <\/p>\n\n\n\n<div class=\"is-vertical is-layout-flex wp-container-1 wp-block-group\">\n<p><strong>3. <a href=\"https:\/\/wr.ans.pw.edu.pl\/?page_id=2414\" data-type=\"page\" data-id=\"2414\">PA\u0143STWO \u2013 POLITYCZNA ORGANIZACJA SPO\u0141ECZE\u0143STWA<\/a><\/strong><a href=\"https:\/\/wr.ans.pw.edu.pl\/?page_id=2414\" data-type=\"page\" data-id=\"2414\"> <\/a><br><a href=\"https:\/\/wr.ans.pw.edu.pl\/?page_id=2417\" data-type=\"page\" data-id=\"2417\">3.1. Zagadnienia wst\u0119pne<\/a> <br><a href=\"https:\/\/wr.ans.pw.edu.pl\/?page_id=2420\" data-type=\"page\" data-id=\"2420\">3.2. Definicja pa\u0144stwa<\/a> <br><a href=\"https:\/\/wr.ans.pw.edu.pl\/?page_id=2423\" data-type=\"page\" data-id=\"2423\">3.3. Geneza pa\u0144stwa<\/a> <br><a href=\"https:\/\/wr.ans.pw.edu.pl\/?page_id=2441\" data-type=\"page\" data-id=\"2441\">3.4. Istota pa\u0144stwa<\/a> <br><a href=\"https:\/\/wr.ans.pw.edu.pl\/?page_id=2426\" data-type=\"page\" data-id=\"2426\">3.5. Ustr\u00f3j pa\u0144stwa<\/a> <br><a href=\"https:\/\/wr.ans.pw.edu.pl\/?page_id=2429\" data-type=\"page\" data-id=\"2429\">3.6. Monopol pa\u0144stwa<\/a> <br><a href=\"https:\/\/wr.ans.pw.edu.pl\/?page_id=2433\" data-type=\"page\" data-id=\"2433\">3.7. Transformacja pa\u0144stwa<\/a><a href=\"https:\/\/wr.ans.pw.edu.pl\/?page_id=2436\" data-type=\"page\" data-id=\"2436\"> <br>3.8. Pa\u0144stwo globalne<\/a> <br><strong><a href=\"https:\/\/wr.ans.pw.edu.pl\/?page_id=2590\" data-type=\"page\" data-id=\"2590\">ZAKO\u0143CZENIE<\/a><\/strong> <br><strong><a href=\"https:\/\/wr.ans.pw.edu.pl\/?page_id=2449\" data-type=\"page\" data-id=\"2449\">BIBLIOGRAFIA<\/a><\/strong> <br><strong><a href=\"https:\/\/wr.ans.pw.edu.pl\/?page_id=2452\" data-type=\"page\" data-id=\"2452\">AKTY NORMATYWNE<\/a><\/strong> <br><strong><a href=\"https:\/\/wr.ans.pw.edu.pl\/?page_id=2205\" data-type=\"page\" data-id=\"2205\">DOKUMENTY<\/a> <\/strong><\/p>\n\n\n\n<p><strong><a href=\"https:\/\/wr.ans.pw.edu.pl\/?page_id=2630\" data-type=\"page\" data-id=\"2630\">STRESZCZENIE<\/a><\/strong> <\/p>\n\n\n\n<p><strong><a href=\"https:\/\/wr.ans.pw.edu.pl\/wp-content\/uploads\/2024\/04\/Summary.pdf\" data-type=\"attachment\" data-id=\"2608\">SUMMARY<\/a><\/strong> <\/p>\n\n\n\n<p><strong>DEFINICJE<\/strong> <\/p>\n\n\n\n<p><strong><a href=\"https:\/\/wr.ans.pw.edu.pl\/?page_id=2188\" data-type=\"page\" data-id=\"2188\">OSOBY<\/a><\/strong> <\/p>\n\n\n\n<p><strong><a href=\"https:\/\/wr.ans.pw.edu.pl\/?page_id=2192\" data-type=\"page\" data-id=\"2192\">INSTYTUCJE<\/a><\/strong> <\/p>\n\n\n\n<p><strong><a href=\"http:\/\/ODES\u0141ANIA\" data-type=\"URL\" data-id=\"ODES\u0141ANIA\">ODES\u0141ANIA<\/a><\/strong> <\/p>\n\n\n\n<p><strong><a href=\"https:\/\/wr.ans.pw.edu.pl\/?page_id=2219\" data-type=\"page\" data-id=\"2219\">SKOROWIDZE<\/a><\/strong> <\/p>\n\n\n\n<p><strong><a href=\"https:\/\/wr.ans.pw.edu.pl\/?page_id=2223\" data-type=\"page\" data-id=\"2223\">SKR\u00d3TY<\/a><\/strong> <\/p>\n\n\n\n<p><a href=\"https:\/\/wr.ans.pw.edu.pl\/?page_id=2166\" data-type=\"page\" data-id=\"2166\"><strong>ANEKS<\/strong>.<\/a> W pierwsz\u0105 rocznic\u0119 wielkoskalowego ataku Rosji na Ukrain\u0119 <strong>SZCZEG\u00d3\u0141OWY WYKAZ ZAGADNIE\u0143<\/strong> <\/p>\n\n\n\n<p><strong>PODZI\u0118KOWANIA<\/strong><\/p>\n<\/div>\n","protected":false},"excerpt":{"rendered":"<p>Symptomy Wielkiego Resetui sk\u0142adniki strukturalnecywilizacji informacyjnej DO ADRESAT\u00d3W WST\u0118P 1. SYMPTOMY WIELKIEGO RESETU 1.1. Zagadnienia wst\u0119pne 1.2. Nodalizacja \u2013 pod\u0142\u0105czenie do sieci 1.3. Nomadyzacja \u2013 wymuszenie mobilno\u015bci 1.4. Metropolizacja \u2013 skupienie w o\u015brodkach 1.5. Marketyzacja \u2013 pakietowanie us\u0142ug 1.6. Komercjalizacja \u2013 wycena wszystkiego 1.7. Menad\u017ceryzacja \u2013 zarz\u0105dzanie wszelkimi zasobami 1.8. Infantylizacja \u2013 powszechna nieodpowiedzialno\u015b\u0107 2. &hellip; <a href=\"https:\/\/wr.ans.pw.edu.pl\/?page_id=1203\" class=\"more-link\">Czytaj dalej <span class=\"screen-reader-text\">4.2. Tom II<\/span><\/a><\/p>\n","protected":false},"author":1,"featured_media":0,"parent":0,"menu_order":0,"comment_status":"closed","ping_status":"closed","template":"","meta":[],"_links":{"self":[{"href":"https:\/\/wr.ans.pw.edu.pl\/index.php?rest_route=\/wp\/v2\/pages\/1203"}],"collection":[{"href":"https:\/\/wr.ans.pw.edu.pl\/index.php?rest_route=\/wp\/v2\/pages"}],"about":[{"href":"https:\/\/wr.ans.pw.edu.pl\/index.php?rest_route=\/wp\/v2\/types\/page"}],"author":[{"embeddable":true,"href":"https:\/\/wr.ans.pw.edu.pl\/index.php?rest_route=\/wp\/v2\/users\/1"}],"replies":[{"embeddable":true,"href":"https:\/\/wr.ans.pw.edu.pl\/index.php?rest_route=%2Fwp%2Fv2%2Fcomments&post=1203"}],"version-history":[{"count":21,"href":"https:\/\/wr.ans.pw.edu.pl\/index.php?rest_route=\/wp\/v2\/pages\/1203\/revisions"}],"predecessor-version":[{"id":2642,"href":"https:\/\/wr.ans.pw.edu.pl\/index.php?rest_route=\/wp\/v2\/pages\/1203\/revisions\/2642"}],"wp:attachment":[{"href":"https:\/\/wr.ans.pw.edu.pl\/index.php?rest_route=%2Fwp%2Fv2%2Fmedia&parent=1203"}],"curies":[{"name":"wp","href":"https:\/\/api.w.org\/{rel}","templated":true}]}}