{"id":1200,"date":"2023-01-16T10:29:41","date_gmt":"2023-01-16T09:29:41","guid":{"rendered":"https:\/\/wr.ans.pw.edu.pl\/?page_id=1200"},"modified":"2024-04-18T13:12:04","modified_gmt":"2024-04-18T11:12:04","slug":"4-1-tom-i","status":"publish","type":"page","link":"https:\/\/wr.ans.pw.edu.pl\/?page_id=1200","title":{"rendered":"4.1. Tom I"},"content":{"rendered":"\n<p class=\"has-text-align-left\"><\/p>\n\n\n\n<p>&nbsp;&nbsp;&nbsp;&nbsp;&nbsp;&nbsp;&nbsp;&nbsp;&nbsp;&nbsp;&nbsp;<a href=\"https:\/\/wr.ans.pw.edu.pl\/?page_id=2134\" data-type=\"page\" data-id=\"2134\"><strong> Strona tytu\u0142owa<\/strong><\/a><\/p>\n\n\n\n<p>&nbsp;&nbsp;&nbsp;&nbsp;&nbsp;&nbsp;&nbsp;&nbsp;&nbsp;&nbsp;&nbsp; <a href=\"https:\/\/wr.ans.pw.edu.pl\/?page_id=2121\" data-type=\"page\" data-id=\"2121\"><strong>Spis tre\u015bci<\/strong><\/a><\/p>\n\n\n\n<p>&nbsp;&nbsp;&nbsp;&nbsp;&nbsp;&nbsp;&nbsp;&nbsp;&nbsp;&nbsp;&nbsp; <a href=\"https:\/\/wr.ans.pw.edu.pl\/?page_id=2124\" data-type=\"page\" data-id=\"2124\"><strong>Do Adresat\u00f3w<\/strong><\/a><\/p>\n\n\n\n<p>&nbsp;&nbsp;&nbsp;&nbsp;&nbsp;&nbsp;&nbsp;&nbsp;&nbsp;&nbsp;&nbsp;<strong> <a href=\"https:\/\/wr.ans.pw.edu.pl\/?page_id=2128\" data-type=\"page\" data-id=\"2128\">Wst\u0119p<\/a><\/strong><\/p>\n\n\n\n<p>&nbsp;&nbsp;&nbsp;&nbsp;&nbsp;&nbsp;&nbsp;&nbsp;&nbsp;&nbsp;&nbsp; <a href=\"https:\/\/wr.ans.pw.edu.pl\/?page_id=2320\" data-type=\"page\" data-id=\"2320\"><strong>1. PROGRAM BADA\u0143<\/strong><\/a><\/p>\n\n\n\n<p>&nbsp;&nbsp;&nbsp;&nbsp;&nbsp;&nbsp;&nbsp;&nbsp;&nbsp;&nbsp;&nbsp;&nbsp;&nbsp;&nbsp;&nbsp;&nbsp;&nbsp;&nbsp;&nbsp;&nbsp;&nbsp;&nbsp;&nbsp; <a href=\"https:\/\/wr.ans.pw.edu.pl\/?page_id=2228\" data-type=\"page\" data-id=\"2228\">1.1. Przedmiot bada\u0144<\/a><\/p>\n\n\n\n<p>&nbsp;&nbsp;&nbsp;&nbsp;&nbsp;&nbsp;&nbsp;&nbsp;&nbsp;&nbsp;&nbsp;&nbsp;&nbsp;&nbsp;&nbsp;&nbsp;&nbsp;&nbsp;&nbsp;&nbsp;&nbsp;&nbsp;&nbsp; <a href=\"https:\/\/wr.ans.pw.edu.pl\/?p=2231\" data-type=\"post\" data-id=\"2231\">1.2. Cele bada\u0144<\/a><\/p>\n\n\n\n<p>&nbsp;&nbsp;&nbsp;&nbsp;&nbsp;&nbsp;&nbsp;&nbsp;&nbsp;&nbsp;&nbsp;&nbsp;&nbsp;&nbsp;&nbsp;&nbsp;&nbsp;&nbsp;&nbsp;&nbsp;&nbsp;&nbsp;&nbsp; <a href=\"https:\/\/wr.ans.pw.edu.pl\/?page_id=2243\" data-type=\"page\" data-id=\"2243\">1.3. Charakter bada\u0144<\/a><\/p>\n\n\n\n<p>&nbsp;&nbsp;&nbsp;&nbsp;&nbsp;&nbsp;&nbsp;&nbsp;&nbsp;&nbsp;&nbsp;&nbsp;&nbsp;&nbsp;&nbsp;&nbsp;&nbsp;&nbsp;&nbsp;&nbsp;&nbsp;&nbsp;&nbsp; <a href=\"https:\/\/wr.ans.pw.edu.pl\/?page_id=2246\" data-type=\"page\" data-id=\"2246\">1.4. Uzasadnienie bada\u0144<\/a><\/p>\n\n\n\n<p>&nbsp;&nbsp;&nbsp;&nbsp;&nbsp;&nbsp;&nbsp;&nbsp;&nbsp;&nbsp;&nbsp;&nbsp;&nbsp;&nbsp;&nbsp;&nbsp;&nbsp;&nbsp;&nbsp;&nbsp;&nbsp;&nbsp;&nbsp; <a href=\"https:\/\/wr.ans.pw.edu.pl\/?page_id=2252\" data-type=\"page\" data-id=\"2252\">1.5. Metoda bada\u0144<\/a><\/p>\n\n\n\n<p>&nbsp;&nbsp;&nbsp;&nbsp;&nbsp;&nbsp;&nbsp;&nbsp;&nbsp;&nbsp;&nbsp;&nbsp;&nbsp;&nbsp;&nbsp;&nbsp;&nbsp;&nbsp;&nbsp;&nbsp;&nbsp;&nbsp;&nbsp; <a href=\"https:\/\/wr.ans.pw.edu.pl\/?page_id=2249\" data-type=\"page\" data-id=\"2249\">1.6. \u0179r\u00f3d\u0142a bada\u0144<\/a><\/p>\n\n\n\n<p>&nbsp;&nbsp;&nbsp;&nbsp;&nbsp;&nbsp;&nbsp;&nbsp;&nbsp;&nbsp;&nbsp; <strong><a href=\"https:\/\/wr.ans.pw.edu.pl\/?page_id=2345\" data-type=\"page\" data-id=\"2345\">2. PROBLEMY BADAWCZE<\/a><\/strong><\/p>\n\n\n\n<p>&nbsp;&nbsp;&nbsp;&nbsp;&nbsp;&nbsp;&nbsp;&nbsp;&nbsp;&nbsp;&nbsp;&nbsp;&nbsp;&nbsp;&nbsp;&nbsp;&nbsp;&nbsp;&nbsp;&nbsp;&nbsp;&nbsp;&nbsp; <a href=\"https:\/\/wr.ans.pw.edu.pl\/?page_id=2257\" data-type=\"page\" data-id=\"2257\">2.1. Architektura i infrastruktura globalna<\/a><\/p>\n\n\n\n<p>&nbsp;&nbsp;&nbsp;&nbsp;&nbsp;&nbsp;&nbsp;&nbsp;&nbsp;&nbsp;&nbsp;&nbsp;&nbsp;&nbsp;&nbsp;&nbsp;&nbsp;&nbsp;&nbsp;&nbsp;&nbsp;&nbsp;&nbsp;  <a href=\"https:\/\/wr.ans.pw.edu.pl\/?page_id=2281\" data-type=\"page\" data-id=\"2281\">2.2. Wielki Reset a wielka transformacja<\/a><\/p>\n\n\n\n<p>&nbsp;&nbsp;&nbsp;&nbsp;&nbsp;&nbsp;&nbsp;&nbsp;&nbsp;&nbsp;&nbsp;&nbsp;&nbsp;&nbsp;&nbsp;&nbsp;&nbsp;&nbsp;&nbsp;&nbsp;&nbsp;&nbsp;&nbsp;  <a href=\"https:\/\/wr.ans.pw.edu.pl\/?page_id=2260\" data-type=\"page\" data-id=\"2260\">2.3. Zjawiska i procesy globalne<\/a><\/p>\n\n\n\n<p>&nbsp;&nbsp;&nbsp;&nbsp;&nbsp;&nbsp;&nbsp;&nbsp;&nbsp;&nbsp;&nbsp;&nbsp;&nbsp;&nbsp;&nbsp;&nbsp;&nbsp;&nbsp;&nbsp;&nbsp;&nbsp;&nbsp;&nbsp; <a href=\"https:\/\/wr.ans.pw.edu.pl\/?page_id=2265\" data-type=\"page\" data-id=\"2265\">2.4. W\u0142adza i administracja globalna<\/a><\/p>\n\n\n\n<p>&nbsp;&nbsp;&nbsp;&nbsp;&nbsp;&nbsp;&nbsp;&nbsp;&nbsp;&nbsp;&nbsp;&nbsp;&nbsp;&nbsp;&nbsp;&nbsp;&nbsp;&nbsp;&nbsp;&nbsp;&nbsp;&nbsp;&nbsp; <a href=\"https:\/\/wr.ans.pw.edu.pl\/?page_id=2269\" data-type=\"page\" data-id=\"2269\">2.5. Determinizm technologiczno-informacyjny<\/a><\/p>\n\n\n\n<p>&nbsp;&nbsp;&nbsp;&nbsp;&nbsp;&nbsp;&nbsp;&nbsp;&nbsp;&nbsp;&nbsp;&nbsp;&nbsp;&nbsp;&nbsp;&nbsp;&nbsp;&nbsp;&nbsp;&nbsp;&nbsp;&nbsp;&nbsp; <a href=\"https:\/\/wr.ans.pw.edu.pl\/?page_id=2272\" data-type=\"page\" data-id=\"2272\">2.6. Sk\u0142adniki cywilizacji w toku transformacji<\/a><\/p>\n\n\n\n<p>&nbsp;&nbsp;&nbsp;&nbsp;&nbsp;&nbsp;&nbsp;&nbsp;&nbsp;&nbsp;&nbsp;&nbsp;&nbsp;&nbsp;&nbsp;&nbsp;&nbsp;&nbsp;&nbsp;&nbsp;&nbsp;&nbsp;&nbsp; <a href=\"https:\/\/wr.ans.pw.edu.pl\/?page_id=2278\" data-type=\"page\" data-id=\"2278\">2.7. Transformacja ku cywilizacji informacyjnej<\/a><strong>&nbsp;&nbsp;&nbsp;&nbsp;&nbsp;&nbsp;&nbsp;&nbsp;&nbsp;&nbsp;&nbsp;&nbsp;&nbsp;&nbsp;&nbsp;&nbsp;&nbsp;&nbsp;&nbsp;&nbsp;&nbsp;&nbsp;&nbsp;&nbsp;&nbsp;&nbsp;&nbsp;&nbsp;&nbsp;&nbsp;&nbsp;&nbsp;&nbsp;&nbsp;&nbsp;&nbsp;&nbsp;&nbsp;&nbsp;&nbsp;&nbsp;&nbsp; &nbsp;&nbsp;&nbsp;&nbsp;&nbsp;&nbsp;&nbsp;&nbsp;&nbsp;&nbsp;&nbsp; <\/strong>&nbsp;&nbsp;&nbsp;&nbsp;&nbsp;&nbsp;&nbsp;&nbsp;&nbsp;&nbsp;&nbsp; <\/p>\n\n\n\n<p><strong><a href=\"https:\/\/wr.ans.pw.edu.pl\/wp-content\/uploads\/2024\/03\/rozdzial-3-Podejscia-badawcze-1.pdf\" data-type=\"attachment\" data-id=\"2349\">3. PODEJ\u015aCIA BADAWCZE<\/a><\/strong><\/p>\n\n\n\n<p>&nbsp;&nbsp;&nbsp;&nbsp;&nbsp;&nbsp;&nbsp;&nbsp;&nbsp;&nbsp;&nbsp;&nbsp;&nbsp;&nbsp;&nbsp;&nbsp;&nbsp;&nbsp;&nbsp;&nbsp;&nbsp;&nbsp;&nbsp;  <a href=\"https:\/\/wr.ans.pw.edu.pl\/?page_id=2290\" data-type=\"page\" data-id=\"2290\">3.1. Globalizm \u2013 d\u0105\u017cenie do globalnej w\u0142adzy<\/a><\/p>\n\n\n\n<p>&nbsp;&nbsp;&nbsp;&nbsp;&nbsp;&nbsp;&nbsp;&nbsp;&nbsp;&nbsp;&nbsp;&nbsp;&nbsp;&nbsp;&nbsp;&nbsp;&nbsp;&nbsp;&nbsp;&nbsp;&nbsp;&nbsp;&nbsp; <a href=\"https:\/\/wr.ans.pw.edu.pl\/?page_id=2293\" data-type=\"page\" data-id=\"2293\">3.2. Technologizm \u2013 akceptacja supremacji techniki<\/a><\/p>\n\n\n\n<p>&nbsp;&nbsp;&nbsp;&nbsp;&nbsp;&nbsp;&nbsp;&nbsp;&nbsp;&nbsp;&nbsp;&nbsp;&nbsp;&nbsp;&nbsp;&nbsp;&nbsp;&nbsp;&nbsp;&nbsp;&nbsp;&nbsp;&nbsp;  <a href=\"https:\/\/wr.ans.pw.edu.pl\/?page_id=2296\" data-type=\"page\" data-id=\"2296\">3.3. Ekonomizm \u2013 ideologiczne zadania ekonomii<\/a><\/p>\n\n\n\n<p>&nbsp;&nbsp;&nbsp;&nbsp;&nbsp;&nbsp;&nbsp;&nbsp;&nbsp;&nbsp;&nbsp;&nbsp;&nbsp;&nbsp;&nbsp;&nbsp;&nbsp;&nbsp;&nbsp;&nbsp;&nbsp;&nbsp;&nbsp; <a href=\"https:\/\/wr.ans.pw.edu.pl\/?page_id=2299\" data-type=\"page\" data-id=\"2299\">3.4. Ideologizm \u2013 ideologiczna inspiracja dzia\u0142a\u0144<\/a><\/p>\n\n\n\n<p>&nbsp;&nbsp;&nbsp;&nbsp;&nbsp;&nbsp;&nbsp;&nbsp;&nbsp;&nbsp;&nbsp;&nbsp;&nbsp;&nbsp;&nbsp;&nbsp;&nbsp;&nbsp;&nbsp;&nbsp;&nbsp;&nbsp;&nbsp;  <a href=\"https:\/\/wr.ans.pw.edu.pl\/?page_id=2305\" data-type=\"page\" data-id=\"2305\">3.5. Medializm \u2013 medialne zapo\u015bredniczenie wiedzy<\/a><\/p>\n\n\n\n<p>&nbsp;&nbsp;&nbsp;&nbsp;&nbsp;&nbsp;&nbsp;&nbsp;&nbsp;&nbsp;&nbsp;&nbsp;&nbsp;&nbsp;&nbsp;&nbsp;&nbsp;&nbsp;&nbsp;&nbsp;&nbsp;&nbsp;&nbsp; <a href=\"https:\/\/wr.ans.pw.edu.pl\/?page_id=2302\" data-type=\"page\" data-id=\"2302\">3.6. Progresywizm \u2013 ukierunkowanie na post\u0119p<\/a><\/p>\n\n\n\n<p>&nbsp;&nbsp;&nbsp;&nbsp;&nbsp;&nbsp;&nbsp;&nbsp;&nbsp;&nbsp;&nbsp;&nbsp;&nbsp;&nbsp;&nbsp;&nbsp;&nbsp;&nbsp;&nbsp;&nbsp;&nbsp;&nbsp;&nbsp;  <a href=\"https:\/\/wr.ans.pw.edu.pl\/?page_id=2308\" data-type=\"page\" data-id=\"2308\">3.7. Symulacjonizm \u2013 masowe sankcjonowanie iluzji<\/a><\/p>\n\n\n\n<p>&nbsp;&nbsp;<a href=\"https:\/\/wr.ans.pw.edu.pl\/?page_id=2162\" data-type=\"page\" data-id=\"2162\"><strong>ZAKO\u0143CZENIE<\/strong><\/a><\/p>\n\n\n\n<p><strong>&nbsp;ANEKSY<\/strong><\/p>\n\n\n\n<p><a href=\"https:\/\/wr.ans.pw.edu.pl\/?page_id=2196\" data-type=\"page\" data-id=\"2196\">Bibliografia<\/a><\/p>\n\n\n\n<p> <a href=\"https:\/\/wr.ans.pw.edu.pl\/?page_id=2176\" data-type=\"page\" data-id=\"2176\">Streszczenie<\/a>&nbsp;<\/p>\n\n\n\n<p>&nbsp;<a href=\"https:\/\/wr.ans.pw.edu.pl\/?page_id=2180\" data-type=\"page\" data-id=\"2180\">Abstract<\/a><\/p>\n\n\n\n<p class=\"has-text-align-left\"><a href=\"https:\/\/wr.ans.pw.edu.pl\/?page_id=2329\" data-type=\"page\" data-id=\"2329\">O autorze<\/a><\/p>\n\n\n\n<p> <a href=\"https:\/\/wr.ans.pw.edu.pl\/?page_id=2184\" data-type=\"page\" data-id=\"2184\">Definicje<\/a><\/p>\n\n\n\n<p> <a href=\"https:\/\/wr.ans.pw.edu.pl\/?page_id=2188\" data-type=\"page\" data-id=\"2188\">Osoby<\/a><\/p>\n\n\n\n<p class=\"has-text-align-left\">&nbsp;<a href=\"https:\/\/wr.ans.pw.edu.pl\/?page_id=2192\" data-type=\"page\" data-id=\"2192\">Instytucje<\/a><\/p>\n\n\n\n<p class=\"has-text-align-left\"><a href=\"https:\/\/wr.ans.pw.edu.pl\/?page_id=2200\" data-type=\"page\" data-id=\"2200\">Akty normatywne<\/a><\/p>\n\n\n\n<p><a href=\"https:\/\/wr.ans.pw.edu.pl\/?page_id=2205\" data-type=\"page\" data-id=\"2205\">Dokumenty<\/a><\/p>\n\n\n\n<p><a href=\"https:\/\/wr.ans.pw.edu.pl\/?page_id=2219\" data-type=\"page\" data-id=\"2219\">Skorowidze<\/a><\/p>\n\n\n\n<p><a href=\"https:\/\/wr.ans.pw.edu.pl\/?page_id=2223\" data-type=\"page\" data-id=\"2223\">Skr\u00f3ty<\/a><\/p>\n\n\n\n<p><a href=\"https:\/\/wr.ans.pw.edu.pl\/?page_id=2215\" data-type=\"page\" data-id=\"2215\">Schemat architektury Wielkiego Resetu<\/a><\/p>\n\n\n\n<p><a href=\"https:\/\/wr.ans.pw.edu.pl\/?page_id=2326\" data-type=\"page\" data-id=\"2326\">Fragmenty wypowiedzi recenzyjnych<\/a><\/p>\n\n\n\n<p><a href=\"https:\/\/wr.ans.pw.edu.pl\/?page_id=2332\" data-type=\"page\" data-id=\"2332\">Podzi\u0119kowania<\/a><\/p>\n","protected":false},"excerpt":{"rendered":"<p>&nbsp;&nbsp;&nbsp;&nbsp;&nbsp;&nbsp;&nbsp;&nbsp;&nbsp;&nbsp;&nbsp; Strona tytu\u0142owa &nbsp;&nbsp;&nbsp;&nbsp;&nbsp;&nbsp;&nbsp;&nbsp;&nbsp;&nbsp;&nbsp; Spis tre\u015bci &nbsp;&nbsp;&nbsp;&nbsp;&nbsp;&nbsp;&nbsp;&nbsp;&nbsp;&nbsp;&nbsp; Do Adresat\u00f3w &nbsp;&nbsp;&nbsp;&nbsp;&nbsp;&nbsp;&nbsp;&nbsp;&nbsp;&nbsp;&nbsp; Wst\u0119p &nbsp;&nbsp;&nbsp;&nbsp;&nbsp;&nbsp;&nbsp;&nbsp;&nbsp;&nbsp;&nbsp; 1. PROGRAM BADA\u0143 &nbsp;&nbsp;&nbsp;&nbsp;&nbsp;&nbsp;&nbsp;&nbsp;&nbsp;&nbsp;&nbsp;&nbsp;&nbsp;&nbsp;&nbsp;&nbsp;&nbsp;&nbsp;&nbsp;&nbsp;&nbsp;&nbsp;&nbsp; 1.1. Przedmiot bada\u0144 &nbsp;&nbsp;&nbsp;&nbsp;&nbsp;&nbsp;&nbsp;&nbsp;&nbsp;&nbsp;&nbsp;&nbsp;&nbsp;&nbsp;&nbsp;&nbsp;&nbsp;&nbsp;&nbsp;&nbsp;&nbsp;&nbsp;&nbsp; 1.2. Cele bada\u0144 &nbsp;&nbsp;&nbsp;&nbsp;&nbsp;&nbsp;&nbsp;&nbsp;&nbsp;&nbsp;&nbsp;&nbsp;&nbsp;&nbsp;&nbsp;&nbsp;&nbsp;&nbsp;&nbsp;&nbsp;&nbsp;&nbsp;&nbsp; 1.3. Charakter bada\u0144 &nbsp;&nbsp;&nbsp;&nbsp;&nbsp;&nbsp;&nbsp;&nbsp;&nbsp;&nbsp;&nbsp;&nbsp;&nbsp;&nbsp;&nbsp;&nbsp;&nbsp;&nbsp;&nbsp;&nbsp;&nbsp;&nbsp;&nbsp; 1.4. Uzasadnienie bada\u0144 &nbsp;&nbsp;&nbsp;&nbsp;&nbsp;&nbsp;&nbsp;&nbsp;&nbsp;&nbsp;&nbsp;&nbsp;&nbsp;&nbsp;&nbsp;&nbsp;&nbsp;&nbsp;&nbsp;&nbsp;&nbsp;&nbsp;&nbsp; 1.5. Metoda bada\u0144 &nbsp;&nbsp;&nbsp;&nbsp;&nbsp;&nbsp;&nbsp;&nbsp;&nbsp;&nbsp;&nbsp;&nbsp;&nbsp;&nbsp;&nbsp;&nbsp;&nbsp;&nbsp;&nbsp;&nbsp;&nbsp;&nbsp;&nbsp; 1.6. \u0179r\u00f3d\u0142a bada\u0144 &nbsp;&nbsp;&nbsp;&nbsp;&nbsp;&nbsp;&nbsp;&nbsp;&nbsp;&nbsp;&nbsp; 2. PROBLEMY BADAWCZE &nbsp;&nbsp;&nbsp;&nbsp;&nbsp;&nbsp;&nbsp;&nbsp;&nbsp;&nbsp;&nbsp;&nbsp;&nbsp;&nbsp;&nbsp;&nbsp;&nbsp;&nbsp;&nbsp;&nbsp;&nbsp;&nbsp;&nbsp; 2.1. Architektura i infrastruktura globalna &nbsp;&nbsp;&nbsp;&nbsp;&nbsp;&nbsp;&nbsp;&nbsp;&nbsp;&nbsp;&nbsp;&nbsp;&nbsp;&nbsp;&nbsp;&nbsp;&nbsp;&nbsp;&nbsp;&nbsp;&nbsp;&nbsp;&nbsp; 2.2. Wielki Reset a wielka &hellip; <a href=\"https:\/\/wr.ans.pw.edu.pl\/?page_id=1200\" class=\"more-link\">Czytaj dalej <span class=\"screen-reader-text\">4.1. Tom I<\/span><\/a><\/p>\n","protected":false},"author":1,"featured_media":0,"parent":0,"menu_order":0,"comment_status":"closed","ping_status":"closed","template":"","meta":[],"_links":{"self":[{"href":"https:\/\/wr.ans.pw.edu.pl\/index.php?rest_route=\/wp\/v2\/pages\/1200"}],"collection":[{"href":"https:\/\/wr.ans.pw.edu.pl\/index.php?rest_route=\/wp\/v2\/pages"}],"about":[{"href":"https:\/\/wr.ans.pw.edu.pl\/index.php?rest_route=\/wp\/v2\/types\/page"}],"author":[{"embeddable":true,"href":"https:\/\/wr.ans.pw.edu.pl\/index.php?rest_route=\/wp\/v2\/users\/1"}],"replies":[{"embeddable":true,"href":"https:\/\/wr.ans.pw.edu.pl\/index.php?rest_route=%2Fwp%2Fv2%2Fcomments&post=1200"}],"version-history":[{"count":46,"href":"https:\/\/wr.ans.pw.edu.pl\/index.php?rest_route=\/wp\/v2\/pages\/1200\/revisions"}],"predecessor-version":[{"id":2584,"href":"https:\/\/wr.ans.pw.edu.pl\/index.php?rest_route=\/wp\/v2\/pages\/1200\/revisions\/2584"}],"wp:attachment":[{"href":"https:\/\/wr.ans.pw.edu.pl\/index.php?rest_route=%2Fwp%2Fv2%2Fmedia&parent=1200"}],"curies":[{"name":"wp","href":"https:\/\/api.w.org\/{rel}","templated":true}]}}